)?
17
Let b(u) = u**2 + 1241*u + 59287. Give b(-50).
-263
Let m(w) = -694*w + 16961. Calculate m(25).
-389
Let g(q) = -q**2 + 1523*q - 211942. What is g(155)?
98
Let f(g) = -8129*g**2 - 89425*g - 11. Calculate f(-11).
55
Let t(u) = 6*u**2 + 446*u - 25608. What is t(38)?
4
Let f(l) = 65*l + 4082. Calculate f(-78).
-988
Let v(o) = -2*o**3 - 314*o**2 - 618*o + 121. Determine v(-155).
-189
Let d(y) = y**3 - 264*y**2 - 272*y + 1542. What is d(265)?
-313
Let l(m) = -10*m**2 + 501*m + 989. Give l(-2).
-53
Let b(h) = -138*h - 3018. What is b(-22)?
18
Let t(c) = -c**3 + 96*c**2 - 2275*c + 939. Give t(41).
119
Let f(g) = -107478*g - 1719654. Determine f(-16).
-6
Let r(w) = 2*w**3 - 57*w**2 - 41*w - 220. Determine r(29).
-568
Let i(f) = -2166*f - 22130. What is i(-10)?
-470
Let m(r) = -95*r + 5693. Give m(61).
-102
Let c(z) = -34*z**2 - 346*z + 49. Determine c(-11).
-259
Let m(x) = 18188*x + 2109771. Give m(-116).
-37
Let x(h) = 188*h**3 + 8837*h**2 + 46*h + 14. What is x(-47)?
61
Let p(t) = -394*t + 83907. Give p(213).
-15
Let c(l) = 9635*l + 57818. Calculate c(-6).
8
Let a(w) = 50391*w + 2368301. Give a(-47).
-76
Let i(w) = 224*w**3 - w**2 - 696*w - 694. Determine i(-1).
-223
Let y(n) = n**3 + 122*n**2 + 1416*n + 13. What is y(-13)?
26
Let s(m) = -14*m**2 - 39*m + 77. Calculate s(3).
-166
Let t(v) = -2988*v - 12004. Determine t(-3).
-3040
Let l(p) = -2*p**3 + 2*p**2 + 104*p - 209. Calculate l(2).
-9
Let l(i) = -i**3 - 12467*i**2 + 312297*i + 76. What is l(25)?
1
Let t(p) = 116*p + 687. Determine t(3).
1035
Let u(l) = l**3 - 160*l**2 - 335*l + 1839. What is u(162)?
57
Let r(a) = -13844*a - 13711. Determine r(-1).
133
Let n(x) = 127*x - 1435. Determine n(12).
89
Let g(c) = c**2 + 102*c + 1394. What is g(0)?
1394
Let v(l) = 15999*l + 48440. Calculate v(-3).
443
Let v(g) = 3*g**3 + 51*g**2 - 2*g - 6. Give v(-6).
1194
Let b(g) = -9*g**2 + 45*g + 3808. What is b(-16)?
784
Let b(g) = 404*g**2 + 281*g - 572. Give b(2).
1606
Let w(l) = 4*l**3 - 39*l**2 - 5174*l + 51630. What is w(10)?
-10
Let b(s) = -s**3 - 39*s**2 - 195*s + 969. Calculate b(-10).
19
Let c(y) = y**3 + 20*y**2 - 209*y - 3874. What is c(-21)?
74
Let u(l) = -l**3 - 31*l**2 + 11*l + 3050. What is u(-21)?
-1591
Let a(z) = z**2 - 504. Determine a(-28).
280
Let a(i) = 19*i**2 - 1107*i + 7105. Calculate a(51).
67
Let v(o) = o**2 - 864*o + 18521. Give v(22).
-3
Let f(z) = z**2 - 359*z - 540076. Calculate f(-577).
-4
Let w(x) = 3*x**3 + 1224*x**2 - 1671*x - 181617. Calculate w(-409).
-21
Let x(b) = 29966*b - 59929. Determine x(2).
3
Let j(t) = -2748*t - 434652. What is j(-158)?
-468
Let s(q) = -474*q - 3200. Determine s(-8).
592
Let z(i) = 37*i**2 + 3542*i + 14143. What is z(-4)?
567
Let w(g) = -426858*g + 1707396. Calculate w(4).
-36
Let g(l) = -1306141*l + 7836852. Calculate g(6).
6
Let q(w) = -5*w**2 - 13622*w - 163276. Give q(-12).
-532
Let q(d) = 2*d**3 - 31*d**2 - 23*d + 58. Give q(16).
-54
Let r(o) = o**2 - 481*o + 54363. Give r(299).
-55
Let c(h) = 293779*h + 1762670. Determine c(-6).
-4
Let m(d) = -956*d - 21988. Determine m(-23).
0
Let q(w) = -3*w**2 - 9100*w + 266424. What is q(29)?
1
Let w(i) = 7*i**3 - 97*i**2 - 362*i - 8. Calculate w(-4).
-560
Let w(o) = o**3 - 95*o**2 + 254*o + 9984. Determine w(91).
-26
Let i(g) = -9495*g - 57263. Determine i(-6).
-293
Let p(l) = 2044*l - 126898. Give p(62).
-170
Let n(s) = 32*s**2 + 1545*s - 484. Give n(-49).
643
Let z(c) = -4196*c - 130004. Give z(-31).
72
Let b(v) = 47*v**3 - 1474*v**2 - 2943*v + 2. Give b(-2).
-384
Let p(u) = 10*u + 1130. Calculate p(-103).
100
Let n(h) = -32117*h - 64236. Determine n(-2).
-2
Let w(c) = -655*c**2 + 100216*c - 212. Determine w(153).
-59
Let q(g) = -4*g**3 + 333*g**2 + 251*g + 35. Determine q(84).
-49
Let n(a) = 32842*a + 65670. Determine n(-2).
-14
Let h(d) = 47*d**3 - 2*d**2 - 4008*d - 12002. Calculate h(-3).
-1265
Let i(o) = -8594704*o + 85947038. What is i(10)?
-2
Let t(o) = 2095*o + 6286. Calculate t(-3).
1
Let x(y) = y**3 + 41*y**2 + 45*y - 37. Give x(-11).
3098
Let a(b) = -b**2 + 4081*b - 101388. Calculate a(25).
12
Let j(s) = 2146*s + 225377. What is j(-105)?
47
Let c(y) = 9*y**3 - 125*y**2 + 14*y - 205. Calculate c(14).
187
Let h(p) = 15*p**2 + 2151*p - 181478. Give h(-203).
4
Let v(g) = 89*g**3 - 14861*g**2 - 338*g + 702. Give v(167).
34
Let u(z) = 13*z**2 - 896*z + 14265. What is u(44)?
9
Let t(f) = f**3 + 401*f + 1605. What is t(-4)?
-63
Let u(r) = -169*r - 54445. Determine u(-321).
-196
Let g(h) = -749*h**3 - 2*h**2 + 17*h + 20. What is g(-1)?
750
Let a(n) = -1363*n + 20. Give a(1).
-1343
Let w(h) = -8*h**3 - 10*h**2 + 26*h + 31. Give w(3).
-197
Let b(r) = 9*r**2 - 603*r + 9978. Determine b(36).
-66
Let w(q) = 27*q**2 - 518*q + 39. Determine w(19).
-56
Let r(c) = -c**3 + 9*c**2 + 1038*c - 10337. Determine r(10).
-57
Let u(r) = -13*r**2 + 1896*r + 24041. Determine u(-12).
-583
Let w(x) = -26*x - 893. Give w(-67).
849
Let s(i) = i**2 + 18*i - 7229. Calculate s(76).
-85
Let p(a) = a**2 + 10279*a + 916970. What is p(-90)?
-40
Let l(q) = q**3 - 6*q**2 - 3879*q + 27111. Calculate l(7).
7
Let l(u) = 14026*u + 1963643. Calculate l(-140).
3
Let i(v) = 2*v**2 - 674*v + 50786. Calculate i(223).
-58
Let z(y) = -713*y + 32408. Determine z(45).
323
Let m(l) = -4*l**2 + 1159*l + 3494. Give m(-3).
-19
Let w(b) = b**2 + 371*b - 91897. Calculate w(171).
785
Let c(j) = -j**3 - 564*j**2 - 1760*j - 43213. Give c(-561).
-16
Let d(z) = z**2 + 396*z - 32084. What is d(-465)?
1
Let s(l) = -2*l**2 - 159*l + 1463. Determine s(8).
63
Let h(o) = -33*o**2 - 253*o - 150. Give h(-7).
4
Let g(a) = -2*a**2 - 13*a + 5142. Calculate g(48).
-90
Let f(r) = -18*r**2 - 7106*r - 5416. Determine f(-394).
100
Let c(w) = 3*w**2 + 492*w - 65809. What is c(-251)?
-298
Let v(j) = 15345*j - 1457775. Determine v(95).
0
Let v(b) = 3*b**3 + 121*b**2 + 571*b - 1. Give v(-35).
-386
Let w(u) = 62*u - 2985. Determine w(18).
-1869
Let q(n) = -3*n**3 - 1740*n**2 - 37*n - 21458. Determine q(-580).
2
Let p(w) = w**3 + 25*w**2 - 258*w - 1574. Calculate p(-31).
658
Let s(o) = 2*o**2 - 685*o - 143295. What is s(489)?
-18
Let x(o) = -o**3 + 23*o**2 - 42*o + 344. What is x(22)?
-96
Let p(t) = -t**3 + 49*t**2 + 47*t + 528. What is p(50)?
378
Let p(c) = 20371*c**2 - 1609310*c + 75. Determine p(79).
-4
Let w(r) = -r**2 + 54797*r + 1260959. Determine w(-23).
99
Let x(l) = -5*l**2 - 1067*l + 23026. Give x(-234).
-1076
Let s(d) = -12767*d - 25875. What is s(-2)?
-341
Let r(y) = 278*y**2 + 165*y - 336. Determine r(2).
1106
Let t(w) = -601*w + 8806. Calculate t(16).
-810
Let p(g) = -38*g**3 + g**2 - 85*g - 58. What is p(0)?
-58
Let k(o) = 3*o**2 + 5804*o - 52464. Determine k(9).
15
Let k(u) = 2*u**2 + 203*u - 7540. Give k(31).
675
Let x(o) = 163145*o - 1631420. Give x(10).
30
Let d(r) = -r**3 - 96*r**2 + 32*r - 103. Give d(-96).
-3175
Let y(p) = 68*p**3 + 4691*p**2 - 67*p + 117. Determine y(-69).
-21
Let b(v) = 1385*v - 293624. Calculate b(212).
-4
Let i(b) = 23*b**2 - 618*b - 489. Determine i(25).
-1564
Let m(q) = q**2 + 74*q - 1693. Give m(21).
302
Let z(p) = 9*p**2 + 106*p - 1898. Give z(13).
1001
Let z(y) = 102895*y - 720285. Determine z(7).
-20
Let b(s) = 2*s**2 + 3143*s - 482916. Give b(141).
9
Let n(h) = h**3 + 13*h**2 - 6855*h - 55151. Determine n(-8).
9
Let r(x) = -167161*x + 10363979. Give r(62).
-3
Let s(y) = y**2 + 3917*y + 1254968. Determine s(-352).
88
Let s(m) = 2*m**2 + 1066*m + 44071. What is s(-487)?
-733
Let x(v) = 4*v**3 - 35*v**2 + 48*v - 368. Give x(14).
4420
Let g(j) = 1477*j**2 - 5911*j + 13. Calculate g(4).
1
Let t(o) = 128*o - 729. What is t(22)?
2087
Let q(i) = 34*i**2 - 392*i - 37. Determine q(12).
155
Let l(x) = -x**3 + 547*x**2 + 2751*x - 79. Determine l(-5).
-34
Let x(f) = -f**3 + 38*f**2 + 193*f - 346. Determine x(-6).
80
Let s(t) = 492394*t - 4431542. Calculate s(9).
4
Let x(g) = 12*g**3 - 58*g**2 + 254*g - 1394. What is x(5)?
-74
Let c(i) = 31*i**3 - 3*i**2 - 362*i + 365. Determine c(1).
31
Let v(u) = -5003*u - 20083. Determine v(-4).
-71
Let b(z) = 2163*z - 60116. Determine b(26).
-3878
Let m(k) = 69*k**2 - 462*k - 1565. What is m(9)?
-134
Let r(t) = -1831*t - 21961. What is r(-12)?
11
Let c(q) = 2*q**2 + 2003*q - 1179359. Give c(416).
1
Let t(c) = 119998*c + 15239752. Determine t(-127).
6
Let s(d) = -322*d - 9513. Calculate s(-30).
147
L